{"id":250528,"date":"2021-07-29T17:15:31","date_gmt":"2021-07-29T15:15:31","guid":{"rendered":"https:\/\/staging.nebulonghi.it\/servizi\/transporte-funerario"},"modified":"2022-06-15T12:26:57","modified_gmt":"2022-06-15T10:26:57","slug":"transporte-funerario","status":"publish","type":"servizi","link":"https:\/\/www.nebulonghi.it\/es\/servicios\/transporte-funerario","title":{"rendered":"Transporte funerario"},"content":{"rendered":"<p>[et_pb_section fb_built=\u00bb1&#8243; module_class=\u00bbsezione-pagina-servizio\u00bb _builder_version=\u00bb4.16&#8243; custom_margin=\u00bb1em|0px|0px|0px|false|false\u00bb custom_padding=\u00bb0px|0px|0px|0px|false|false\u00bb da_disable_devices=\u00bboff|off|off\u00bb global_colors_info=\u00bb{}\u00bb theme_builder_area=\u00bbpost_content\u00bb da_is_popup=\u00bboff\u00bb da_exit_intent=\u00bboff\u00bb da_has_close=\u00bbon\u00bb da_alt_close=\u00bboff\u00bb da_dark_close=\u00bboff\u00bb da_not_modal=\u00bbon\u00bb da_is_singular=\u00bboff\u00bb da_with_loader=\u00bboff\u00bb da_has_shadow=\u00bbon\u00bb][et_pb_row _builder_version=\u00bb4.16&#8243; background_size=\u00bbinitial\u00bb background_position=\u00bbtop_left\u00bb background_repeat=\u00bbrepeat\u00bb width=\u00bb100%\u00bb custom_margin=\u00bb0px|0px|0px|0px|false|false\u00bb custom_padding=\u00bb0px|0px|0px|0px|false|false\u00bb global_colors_info=\u00bb{}\u00bb theme_builder_area=\u00bbpost_content\u00bb][et_pb_column type=\u00bb4_4&#8243; _builder_version=\u00bb4.16&#8243; custom_padding=\u00bb|||\u00bb global_colors_info=\u00bb{}\u00bb custom_padding__hover=\u00bb|||\u00bb theme_builder_area=\u00bbpost_content\u00bb][et_pb_text _builder_version=\u00bb4.17.4&#8243; text_font=\u00bb|300|||||||\u00bb header_2_text_color=\u00bbgcid-cb5643f0-d518-4fb5-93d5-55203e1c1ffb\u00bb header_2_font_size=\u00bb22px\u00bb header_3_text_color=\u00bbgcid-cb5643f0-d518-4fb5-93d5-55203e1c1ffb\u00bb background_size=\u00bbinitial\u00bb background_position=\u00bbtop_left\u00bb background_repeat=\u00bbrepeat\u00bb global_colors_info=\u00bb{%22gcid-cb5643f0-d518-4fb5-93d5-55203e1c1ffb%22:%91%22header_3_text_color%22,%22header_2_text_color%22%93}\u00bb theme_builder_area=\u00bbpost_content\u00bb]<\/p>\n<h2>Transporte funerario<\/h2>\n<p><img loading=\"lazy\" decoding=\"async\" class=\"wp-image-242051 alignleft size-medium\" src=\"https:\/\/www.nebulonghi.it\/wp-content\/smush-webp\/2021\/03\/Servizio_Brera_04-1-380x253.jpg.webp\" alt=\"Transporte funerario\" width=\"300\" height=\"200\" title=\"\" data-smush-webp-fallback=\"{&quot;src&quot;:&quot;https:\\\/\\\/www.nebulonghi.it\\\/wp-content\\\/uploads\\\/2021\\\/03\\\/Servizio_Brera_04-1-380x253.jpg&quot;}\"><\/p>\n<p>Tenemos amplia experiencia en ofrecer <strong>servicios de transporte funerario.<\/strong>.<\/p>\n<p>Contamos con una <strong>moderna flota de veh\u00edculos y conductores que reciben una formaci\u00f3n continua<\/strong> lo que nos permite realizar cualquier tipo de transporte funerario.<\/p>\n<p>Nuestro personal est\u00e1 a su disposici\u00f3n para realizar el traslado <strong>a qualquiero destino<\/strong>.<\/p>\n<p>&nbsp;<\/p>\n<p><!-- \/divi:paragraph -->[\/et_pb_text][\/et_pb_column][\/et_pb_row][et_pb_row _builder_version=\u00bb4.16&#8243; background_size=\u00bbinitial\u00bb background_position=\u00bbtop_left\u00bb background_repeat=\u00bbrepeat\u00bb width=\u00bb100%\u00bb custom_margin=\u00bb0px|0px|0px|0px|false|false\u00bb custom_padding=\u00bb0px|0px|0px|0px|false|false\u00bb global_colors_info=\u00bb{}\u00bb theme_builder_area=\u00bbpost_content\u00bb][et_pb_column type=\u00bb4_4&#8243; _builder_version=\u00bb4.16&#8243; custom_padding=\u00bb|||\u00bb global_colors_info=\u00bb{}\u00bb custom_padding__hover=\u00bb|||\u00bb theme_builder_area=\u00bbpost_content\u00bb][et_pb_text _builder_version=\u00bb4.16&#8243; text_font=\u00bb|300|||||||\u00bb header_3_text_color=\u00bbgcid-cb5643f0-d518-4fb5-93d5-55203e1c1ffb\u00bb header_4_text_color=\u00bbgcid-cb5643f0-d518-4fb5-93d5-55203e1c1ffb\u00bb background_size=\u00bbinitial\u00bb background_position=\u00bbtop_left\u00bb background_repeat=\u00bbrepeat\u00bb global_colors_info=\u00bb{%22gcid-cb5643f0-d518-4fb5-93d5-55203e1c1ffb%22:%91%22header_3_text_color%22,%22header_4_text_color%22%93}\u00bb theme_builder_area=\u00bbpost_content\u00bb]<\/p>\n<p>Esta es una lista de los <strong>principales servicios de transporte funerario que ofrecemos<\/strong>:<\/p>\n<ul>\n<li>Traslado del f\u00e9retro desde el lugar del fallecimiento al domicilio, al tanatorio o cualquier lugar en el que se haya instalado la capilla ardiente. <\/li>\n<li> Transporte funerario desde el lugar del fallecimiento al tanatorio.<\/li>\n<li>Transporte funerario al lugar en el que se va a celebrar la ceremonia del funeral: iglesia, tanatorio, cementerio u otro lugar, dependiendo de la culturas, las tradiciones y la religi\u00f3n.<\/li>\n<li>Transporte funerario del f\u00e9retro al lugar del entierro en la Ciudad Metropolitana de Mil\u00e1n, Lombard\u00eda o cualquier regi\u00f3n o ciudad de Italia.<\/li>\n<li>Transporte funerario al crematorio.<\/li>\n<li> Transporte funerario internacional para repatriar a la persona fallecida en caso de que se trate de un ciudadano extranjero.<\/li>\n<li>Transporte funerario para repatriar a la persona fallecida en caso de que se trate de un ciudadano italiano que haya fallecido en un pa\u00eds extranjero. Para el transporte funerario internacional e intercontinental, solo utilizamos l\u00edneas a\u00e9reas de reputaci\u00f3n. En el caso de haya que realizar un transporte funerario desde Italia al extranjero, tambi\u00e9n nos ocupamos de los tr\u00e1mites administrativos, como la emisi\u00f3n del pasaporte mortuorio, adem\u00e1s de la obtenci\u00f3n de la autorizaci\u00f3n necesaria para la entrada del cuerpo que debe emitir el consulado del pa\u00eds de destino.<\/li>\n<li>Traslado del cuerpo a un nuevo lugar de entierro.<\/li>\n<\/ul>\n<p>Tambi\u00e9n gestionamos todos los tr\u00e1mites legales y administrativos que son necesarios para obtener autorizaciones para el transporte metropolitano, nacional e internacional.<\/strong>.<\/p>\n<p>&nbsp;<\/p>\n<p>[\/et_pb_text][\/et_pb_column][\/et_pb_row][\/et_pb_section][et_pb_section fb_built=\u00bb1&#8243; _builder_version=\u00bb4.16&#8243; _module_preset=\u00bbdefault\u00bb custom_margin=\u00bb0px||0px||true|false\u00bb custom_padding=\u00bb0px||0px||true|false\u00bb da_disable_devices=\u00bboff|off|off\u00bb global_colors_info=\u00bb{}\u00bb theme_builder_area=\u00bbpost_content\u00bb da_is_popup=\u00bboff\u00bb da_exit_intent=\u00bboff\u00bb da_has_close=\u00bbon\u00bb da_alt_close=\u00bboff\u00bb da_dark_close=\u00bboff\u00bb da_not_modal=\u00bbon\u00bb da_is_singular=\u00bboff\u00bb da_with_loader=\u00bboff\u00bb da_has_shadow=\u00bbon\u00bb][et_pb_row column_structure=\u00bb2_3,1_3&#8243; admin_label=\u00bbCTA Row\u00bb module_class=\u00bbcta-chiama\u00bb _builder_version=\u00bb4.16&#8243; background_color=\u00bb#3e70b6&#8243; background_color_gradient_direction=\u00bb137deg\u00bb width=\u00bb100%\u00bb custom_padding=\u00bb1em|40px|1.5em|40px|false|false\u00bb border_radii=\u00bbon|2px|2px|2px|2px\u00bb global_colors_info=\u00bb{%22gcid-a96d85c8-e9b2-4e00-99b5-7485533ef31f%22:%91%93,%22gcid-cb5643f0-d518-4fb5-93d5-55203e1c1ffb%22:%91%93}\u00bb theme_builder_area=\u00bbpost_content\u00bb][et_pb_column type=\u00bb2_3&#8243; _builder_version=\u00bb4.16&#8243; custom_padding=\u00bb|||\u00bb global_colors_info=\u00bb{}\u00bb custom_padding__hover=\u00bb|||\u00bb theme_builder_area=\u00bbpost_content\u00bb][et_pb_text module_class=\u00bbcta-chiama-txt\u00bb _builder_version=\u00bb4.16&#8243; text_font=\u00bb||||||||\u00bb text_text_color=\u00bb#ffffff\u00bb text_font_size=\u00bb15px\u00bb header_font=\u00bb|700|||||||\u00bb header_text_align=\u00bbleft\u00bb header_text_color=\u00bb#ffffff\u00bb header_font_size=\u00bb35px\u00bb header_line_height=\u00bb1.4em\u00bb header_2_font=\u00bb|700|||||||\u00bb header_2_text_align=\u00bbleft\u00bb header_2_text_color=\u00bb#ffffff\u00bb header_2_font_size=\u00bb35px\u00bb header_2_line_height=\u00bb1.4em\u00bb header_3_font=\u00bb||||||||\u00bb header_4_font=\u00bb||||||||\u00bb header_5_font=\u00bb||||||||\u00bb header_6_font=\u00bb||||||||\u00bb custom_margin=\u00bb||| \u00bb global_colors_info=\u00bb{}\u00bb theme_builder_area=\u00bbpost_content\u00bb]<\/p>\n<h2>Servicios de transporte funerario<\/h2>\n<p>Estamos a su completa disposici\u00f3n para ocuparnos de todos los requisitos del transporte funerario local, nacional e internacional: no dude en <a title=\"chiamaci\" href=\"tel:+390266222895\">llamarnos.<\/a><\/p>\n<p>[\/et_pb_text][\/et_pb_column][et_pb_column type=\u00bb1_3&#8243; _builder_version=\u00bb4.16&#8243; custom_padding=\u00bb|||\u00bb global_colors_info=\u00bb{}\u00bb custom_padding__hover=\u00bb|||\u00bb theme_builder_area=\u00bbpost_content\u00bb][et_pb_button button_url=\u00bbtel:+390266222895&#8243; button_text=\u00bbponerse en contacto con nosotros\u00bb module_class=\u00bbfull-width-btn\u00bb _builder_version=\u00bb4.16&#8243; _module_preset=\u00bb255d068a-70ed-4dff-bad5-7346b9cd57bc\u00bb button_text_color=\u00bb#000000&#8243; button_bg_color=\u00bb#FFFFFF\u00bb button_font=\u00bb|600|||||||\u00bb custom_margin=\u00bb1em||||false|false\u00bb animation_style=\u00bbnone\u00bb hover_transition_duration=\u00bb0ms\u00bb hover_transition_speed_curve=\u00bbease-in-out\u00bb button_letter_spacing_hover=\u00bb1px\u00bb button_bg_color_hover=\u00bb#236299&#8243; saved_tabs=\u00bball\u00bb locked=\u00bboff\u00bb global_colors_info=\u00bb{%22gcid-cb5643f0-d518-4fb5-93d5-55203e1c1ffb%22:%91%93,%22gcid-a96d85c8-e9b2-4e00-99b5-7485533ef31f%22:%91%93}\u00bb button_one_text_size__hover_enabled=\u00bboff\u00bb button_two_text_size__hover_enabled=\u00bboff\u00bb button_one_text_color__hover_enabled=\u00bboff\u00bb button_two_text_color__hover_enabled=\u00bboff\u00bb button_one_border_width__hover_enabled=\u00bboff\u00bb button_two_border_width__hover_enabled=\u00bboff\u00bb button_one_border_color__hover_enabled=\u00bboff\u00bb button_two_border_color__hover_enabled=\u00bboff\u00bb button_one_border_radius__hover_enabled=\u00bboff\u00bb button_two_border_radius__hover_enabled=\u00bboff\u00bb button_one_letter_spacing__hover_enabled=\u00bboff\u00bb button_two_letter_spacing__hover_enabled=\u00bboff\u00bb button_one_bg_color__hover_enabled=\u00bboff\u00bb button_two_bg_color__hover_enabled=\u00bboff\u00bb button_bg_color__hover_enabled=\u00bbon|hover\u00bb button_bg_color__hover=\u00bb#000000&#8243; button_bg_enable_color__hover=\u00bbon\u00bb button_text_color__hover_enabled=\u00bbon|hover\u00bb button_text_color__hover=\u00bb#FFFFFF\u00bb theme_builder_area=\u00bbpost_content\u00bb][\/et_pb_button][\/et_pb_column][\/et_pb_row][\/et_pb_section]<\/p>\n","protected":false},"excerpt":{"rendered":"<p>Realizamos transportes nacionales e internacionales desde el lugar del fallecimiento hasta el destino que desee de una forma puntual y digna. Todos nuestros veh\u00edculos son modernos y cumplen por completo todas las normativas aplicables.<\/p>\n","protected":false},"featured_media":249466,"template":"","meta":{"_et_pb_use_builder":"on","_et_pb_old_content":"","_et_gb_content_width":""},"class_list":["post-250528","servizi","type-servizi","status-publish","has-post-thumbnail","hentry"],"_links":{"self":[{"href":"https:\/\/www.nebulonghi.it\/es\/wp-json\/wp\/v2\/servizi\/250528","targetHints":{"allow":["GET"]}}],"collection":[{"href":"https:\/\/www.nebulonghi.it\/es\/wp-json\/wp\/v2\/servizi"}],"about":[{"href":"https:\/\/www.nebulonghi.it\/es\/wp-json\/wp\/v2\/types\/servizi"}],"wp:featuredmedia":[{"embeddable":true,"href":"https:\/\/www.nebulonghi.it\/es\/wp-json\/wp\/v2\/media\/249466"}],"wp:attachment":[{"href":"https:\/\/www.nebulonghi.it\/es\/wp-json\/wp\/v2\/media?parent=250528"}],"curies":[{"name":"wp","href":"https:\/\/api.w.org\/{rel}","templated":true}]}}

<p>[et_pb_section fb_built=»1&#8243; module_class=»sezione-pagina-servizio» _builder_version=»4.16&#8243; custom_margin=»1em|0px|0px|0px|false|false» custom_padding=»0px|0px|0px|0px|false|false» da_disable_devices=»off|off|off» global_colors_info=»{}» theme_builder_area=»post_content» da_is_popup=»off» da_exit_intent=»off» da_has_close=»on» da_alt_close=»off» da_dark_close=»off» da_not_modal=»on» da_is_singular=»off» da_with_loader=»off» da_has_shadow=»on»][et_pb_row _builder_version=»4.16&#8243; background_size=»initial» background_position=»top_left» background_repeat=»repeat» width=»100%» custom_margin=»0px|0px|0px|0px|false|false» custom_padding=»0px|0px|0px|0px|false|false» global_colors_info=»{}» theme_builder_area=»post_content»][et_pb_column type=»4_4&#8243; _builder_version=»4.16&#8243; custom_padding=»|||» global_colors_info=»{}» custom_padding__hover=»|||» theme_builder_area=»post_content»][et_pb_text _builder_version=»4.17.4&#8243; text_font=»|300|||||||» header_2_text_color=»gcid-cb5643f0-d518-4fb5-93d5-55203e1c1ffb» header_2_font_size=»22px» header_3_text_color=»gcid-cb5643f0-d518-4fb5-93d5-55203e1c1ffb» background_size=»initial» background_position=»top_left» background_repeat=»repeat» global_colors_info=»{%22gcid-cb5643f0-d518-4fb5-93d5-55203e1c1ffb%22:%91%22header_3_text_color%22,%22header_2_text_color%22%93}» theme_builder_area=»post_content»]</p>
<h2>Transporte funerario</h2>
<p><img loading="lazy" decoding="async" class="wp-image-242051 alignleft size-medium" src="https://www.nebulonghi.it/wp-content/smush-webp/2021/03/Servizio_Brera_04-1-380x253.jpg.webp" alt="Transporte funerario" width="300" height="200" title="" data-smush-webp-fallback="{&quot;src&quot;:&quot;https:\/\/www.nebulonghi.it\/wp-content\/uploads\/2021\/03\/Servizio_Brera_04-1-380x253.jpg&quot;}"></p>
<p>Tenemos amplia experiencia en ofrecer <strong>servicios de transporte funerario.</strong>.</p>
<p>Contamos con una <strong>moderna flota de vehículos y conductores que reciben una formación continua</strong> lo que nos permite realizar cualquier tipo de transporte funerario.</p>
<p>Nuestro personal está a su disposición para realizar el traslado <strong>a qualquiero destino</strong>.</p>
<p>&nbsp;</p>
<p><!-- /divi:paragraph -->[/et_pb_text][/et_pb_column][/et_pb_row][et_pb_row _builder_version=»4.16&#8243; background_size=»initial» background_position=»top_left» background_repeat=»repeat» width=»100%» custom_margin=»0px|0px|0px|0px|false|false» custom_padding=»0px|0px|0px|0px|false|false» global_colors_info=»{}» theme_builder_area=»post_content»][et_pb_column type=»4_4&#8243; _builder_version=»4.16&#8243; custom_padding=»|||» global_colors_info=»{}» custom_padding__hover=»|||» theme_builder_area=»post_content»][et_pb_text _builder_version=»4.16&#8243; text_font=»|300|||||||» header_3_text_color=»gcid-cb5643f0-d518-4fb5-93d5-55203e1c1ffb» header_4_text_color=»gcid-cb5643f0-d518-4fb5-93d5-55203e1c1ffb» background_size=»initial» background_position=»top_left» background_repeat=»repeat» global_colors_info=»{%22gcid-cb5643f0-d518-4fb5-93d5-55203e1c1ffb%22:%91%22header_3_text_color%22,%22header_4_text_color%22%93}» theme_builder_area=»post_content»]</p>
<p>Esta es una lista de los <strong>principales servicios de transporte funerario que ofrecemos</strong>:</p>
<ul>
<li>Traslado del féretro desde el lugar del fallecimiento al domicilio, al tanatorio o cualquier lugar en el que se haya instalado la capilla ardiente. </li>
<li> Transporte funerario desde el lugar del fallecimiento al tanatorio.</li>
<li>Transporte funerario al lugar en el que se va a celebrar la ceremonia del funeral: iglesia, tanatorio, cementerio u otro lugar, dependiendo de la culturas, las tradiciones y la religión.</li>
<li>Transporte funerario del féretro al lugar del entierro en la Ciudad Metropolitana de Milán, Lombardía o cualquier región o ciudad de Italia.</li>
<li>Transporte funerario al crematorio.</li>
<li> Transporte funerario internacional para repatriar a la persona fallecida en caso de que se trate de un ciudadano extranjero.</li>
<li>Transporte funerario para repatriar a la persona fallecida en caso de que se trate de un ciudadano italiano que haya fallecido en un país extranjero. Para el transporte funerario internacional e intercontinental, solo utilizamos líneas aéreas de reputación. En el caso de haya que realizar un transporte funerario desde Italia al extranjero, también nos ocupamos de los trámites administrativos, como la emisión del pasaporte mortuorio, además de la obtención de la autorización necesaria para la entrada del cuerpo que debe emitir el consulado del país de destino.</li>
<li>Traslado del cuerpo a un nuevo lugar de entierro.</li>
</ul>
<p>También gestionamos todos los trámites legales y administrativos que son necesarios para obtener autorizaciones para el transporte metropolitano, nacional e internacional.</strong>.</p>
<p>&nbsp;</p>
<p>[/et_pb_text][/et_pb_column][/et_pb_row][/et_pb_section][et_pb_section fb_built=»1&#8243; _builder_version=»4.16&#8243; _module_preset=»default» custom_margin=»0px||0px||true|false» custom_padding=»0px||0px||true|false» da_disable_devices=»off|off|off» global_colors_info=»{}» theme_builder_area=»post_content» da_is_popup=»off» da_exit_intent=»off» da_has_close=»on» da_alt_close=»off» da_dark_close=»off» da_not_modal=»on» da_is_singular=»off» da_with_loader=»off» da_has_shadow=»on»][et_pb_row column_structure=»2_3,1_3&#8243; admin_label=»CTA Row» module_class=»cta-chiama» _builder_version=»4.16&#8243; background_color=»#3e70b6&#8243; background_color_gradient_direction=»137deg» width=»100%» custom_padding=»1em|40px|1.5em|40px|false|false» border_radii=»on|2px|2px|2px|2px» global_colors_info=»{%22gcid-a96d85c8-e9b2-4e00-99b5-7485533ef31f%22:%91%93,%22gcid-cb5643f0-d518-4fb5-93d5-55203e1c1ffb%22:%91%93}» theme_builder_area=»post_content»][et_pb_column type=»2_3&#8243; _builder_version=»4.16&#8243; custom_padding=»|||» global_colors_info=»{}» custom_padding__hover=»|||» theme_builder_area=»post_content»][et_pb_text module_class=»cta-chiama-txt» _builder_version=»4.16&#8243; text_font=»||||||||» text_text_color=»#ffffff» text_font_size=»15px» header_font=»|700|||||||» header_text_align=»left» header_text_color=»#ffffff» header_font_size=»35px» header_line_height=»1.4em» header_2_font=»|700|||||||» header_2_text_align=»left» header_2_text_color=»#ffffff» header_2_font_size=»35px» header_2_line_height=»1.4em» header_3_font=»||||||||» header_4_font=»||||||||» header_5_font=»||||||||» header_6_font=»||||||||» custom_margin=»||| » global_colors_info=»{}» theme_builder_area=»post_content»]</p>
<h2>Servicios de transporte funerario</h2>
<p>Estamos a su completa disposición para ocuparnos de todos los requisitos del transporte funerario local, nacional e internacional: no dude en <a title="chiamaci" href="tel:+390266222895">llamarnos.</a></p>
<p>[/et_pb_text][/et_pb_column][et_pb_column type=»1_3&#8243; _builder_version=»4.16&#8243; custom_padding=»|||» global_colors_info=»{}» custom_padding__hover=»|||» theme_builder_area=»post_content»][et_pb_button button_url=»tel:+390266222895&#8243; button_text=»ponerse en contacto con nosotros» module_class=»full-width-btn» _builder_version=»4.16&#8243; _module_preset=»255d068a-70ed-4dff-bad5-7346b9cd57bc» button_text_color=»#000000&#8243; button_bg_color=»#FFFFFF» button_font=»|600|||||||» custom_margin=»1em||||false|false» animation_style=»none» hover_transition_duration=»0ms» hover_transition_speed_curve=»ease-in-out» button_letter_spacing_hover=»1px» button_bg_color_hover=»#236299&#8243; saved_tabs=»all» locked=»off» global_colors_info=»{%22gcid-cb5643f0-d518-4fb5-93d5-55203e1c1ffb%22:%91%93,%22gcid-a96d85c8-e9b2-4e00-99b5-7485533ef31f%22:%91%93}» button_one_text_size__hover_enabled=»off» button_two_text_size__hover_enabled=»off» button_one_text_color__hover_enabled=»off» button_two_text_color__hover_enabled=»off» button_one_border_width__hover_enabled=»off» button_two_border_width__hover_enabled=»off» button_one_border_color__hover_enabled=»off» button_two_border_color__hover_enabled=»off» button_one_border_radius__hover_enabled=»off» button_two_border_radius__hover_enabled=»off» button_one_letter_spacing__hover_enabled=»off» button_two_letter_spacing__hover_enabled=»off» button_one_bg_color__hover_enabled=»off» button_two_bg_color__hover_enabled=»off» button_bg_color__hover_enabled=»on|hover» button_bg_color__hover=»#000000&#8243; button_bg_enable_color__hover=»on» button_text_color__hover_enabled=»on|hover» button_text_color__hover=»#FFFFFF» theme_builder_area=»post_content»][/et_pb_button][/et_pb_column][/et_pb_row][/et_pb_section]</p>

<p>Realizamos transportes nacionales e internacionales desde el lugar del fallecimiento hasta el destino que desee de una forma puntual y digna. Todos nuestros vehículos son modernos y cumplen por completo todas las normativas aplicables.</p>
