{"id":250546,"date":"2021-07-29T18:02:35","date_gmt":"2021-07-29T16:02:35","guid":{"rendered":"https:\/\/staging.nebulonghi.it\/prodotti-funerari\/coches-funebres"},"modified":"2022-06-14T13:02:26","modified_gmt":"2022-06-14T11:02:26","slug":"coches-funebres","status":"publish","type":"prodotti-funerari","link":"https:\/\/www.nebulonghi.it\/es\/productos-funerarios\/coches-funebres","title":{"rendered":"Coches f\u00fanebres"},"content":{"rendered":"<p>[et_pb_section fb_built=\u00bb1&#8243; module_class=\u00bbsezione-pagina-prodotto\u00bb _builder_version=\u00bb4.16&#8243; _module_preset=\u00bbdefault\u00bb custom_margin=\u00bb0em||0em||true|false\u00bb custom_padding=\u00bb0em||0em||true|false\u00bb global_colors_info=\u00bb{}\u00bb theme_builder_area=\u00bbpost_content\u00bb da_is_popup=\u00bboff\u00bb da_exit_intent=\u00bboff\u00bb da_has_close=\u00bbon\u00bb da_alt_close=\u00bboff\u00bb da_dark_close=\u00bboff\u00bb da_not_modal=\u00bbon\u00bb da_is_singular=\u00bboff\u00bb da_with_loader=\u00bboff\u00bb da_has_shadow=\u00bbon\u00bb da_disable_devices=\u00bboff|off|off\u00bb][et_pb_row _builder_version=\u00bb4.16&#8243; _module_preset=\u00bbdefault\u00bb width=\u00bb100%\u00bb custom_margin=\u00bb0em|0em|1.5em|0em|false|true\u00bb custom_padding=\u00bb0em|0em|0em|0em|true|true\u00bb global_colors_info=\u00bb{}\u00bb theme_builder_area=\u00bbpost_content\u00bb][et_pb_column type=\u00bb4_4&#8243; _builder_version=\u00bb4.16&#8243; _module_preset=\u00bbdefault\u00bb global_colors_info=\u00bb{}\u00bb theme_builder_area=\u00bbpost_content\u00bb][et_pb_text _builder_version=\u00bb4.17.4&#8243; _module_preset=\u00bbdefault\u00bb text_font=\u00bb|300|||||||\u00bb header_2_text_color=\u00bbgcid-cb5643f0-d518-4fb5-93d5-55203e1c1ffb\u00bb header_2_font_size=\u00bb22px\u00bb header_3_text_color=\u00bbgcid-cb5643f0-d518-4fb5-93d5-55203e1c1ffb\u00bb header_4_text_color=\u00bbgcid-cb5643f0-d518-4fb5-93d5-55203e1c1ffb\u00bb hover_enabled=\u00bb0&#8243; global_colors_info=\u00bb{%22gcid-cb5643f0-d518-4fb5-93d5-55203e1c1ffb%22:%91%22header_3_text_color%22,%22header_4_text_color%22,%22header_2_text_color%22%93}\u00bb theme_builder_area=\u00bbpost_content\u00bb sticky_enabled=\u00bb0&#8243;]<\/p>\n<h2>Coches f\u00fanebres<\/h2>\n<p><img loading=\"lazy\" decoding=\"async\" class=\"wp-image-232462 alignleft size-medium\" src=\"https:\/\/www.nebulonghi.it\/wp-content\/uploads\/2021\/03\/Servizio_Brera_01_COMP-300x200.jpg\" alt=\"Coches f\u00fanebres\" width=\"300\" height=\"200\" title=\"\">Disponemos de nuestros propios <strong>carruajes y coches f\u00fanebres<\/strong> y contamos con <strong>conductores propios profesionales y totalmente formados<\/strong> para satisfacer todas las necesidades de transporte funerario.<\/p>\n<p>Ofrecemos coches <strong>f\u00fanebres de gama media y superior<\/strong> que se adaptan a todo tipo de presupuestos. Actualizamos regularmente nuestra flota de veh\u00edculos para garantizar un transporte seguro y moderno.[\/et_pb_text][\/et_pb_column][\/et_pb_row][et_pb_row _builder_version=\u00bb4.16&#8243; _module_preset=\u00bbdefault\u00bb width=\u00bb100%\u00bb custom_margin=\u00bb0em|0em|0em|0em|true|true\u00bb custom_padding=\u00bb0em|0em|0em|0em|true|true\u00bb global_colors_info=\u00bb{}\u00bb theme_builder_area=\u00bbpost_content\u00bb][et_pb_column type=\u00bb4_4&#8243; _builder_version=\u00bb4.16&#8243; _module_preset=\u00bbdefault\u00bb global_colors_info=\u00bb{}\u00bb theme_builder_area=\u00bbpost_content\u00bb][et_pb_text _builder_version=\u00bb4.16&#8243; _module_preset=\u00bbdefault\u00bb text_font=\u00bb|300|||||||\u00bb header_3_text_color=\u00bbgcid-cb5643f0-d518-4fb5-93d5-55203e1c1ffb\u00bb header_4_text_color=\u00bbgcid-cb5643f0-d518-4fb5-93d5-55203e1c1ffb\u00bb global_colors_info=\u00bb{%22gcid-cb5643f0-d518-4fb5-93d5-55203e1c1ffb%22:%91%22header_3_text_color%22,%22header_4_text_color%22%93}\u00bb theme_builder_area=\u00bbpost_content\u00bb]<\/p>\n<p>Todos nuestros carruajes y coches f\u00fanebres cumplen las <strong>normas de seguridad y legales<\/strong> m\u00e1s estrictas. Los veh\u00edculos que se utilizan para el transporte funerario deben tener un permiso espec\u00edfico para este fin y las autoridades p\u00fablicas los revisan peri\u00f3dicamente.<\/p>\n<p>[\/et_pb_text][\/et_pb_column][\/et_pb_row][\/et_pb_section]<\/p>\n","protected":false},"excerpt":{"rendered":"<p>En Arimatea Nebulonghi, solo utilizamos carruajes y coches f\u00fanebres de nuestra propia flota, que conducen empleados de Nebulonghi. De esta manera, nos aseguramos de contar con veh\u00edculos modernos y seguros y con conductores que se someten a cursos de formaci\u00f3n regulares y que son profesionales y humanos.<\/p>\n","protected":false},"featured_media":249466,"template":"","meta":{"_et_pb_use_builder":"on","_et_pb_old_content":"","_et_gb_content_width":""},"class_list":["post-250546","prodotti-funerari","type-prodotti-funerari","status-publish","has-post-thumbnail","hentry"],"_links":{"self":[{"href":"https:\/\/www.nebulonghi.it\/es\/wp-json\/wp\/v2\/prodotti-funerari\/250546","targetHints":{"allow":["GET"]}}],"collection":[{"href":"https:\/\/www.nebulonghi.it\/es\/wp-json\/wp\/v2\/prodotti-funerari"}],"about":[{"href":"https:\/\/www.nebulonghi.it\/es\/wp-json\/wp\/v2\/types\/prodotti-funerari"}],"wp:featuredmedia":[{"embeddable":true,"href":"https:\/\/www.nebulonghi.it\/es\/wp-json\/wp\/v2\/media\/249466"}],"wp:attachment":[{"href":"https:\/\/www.nebulonghi.it\/es\/wp-json\/wp\/v2\/media?parent=250546"}],"curies":[{"name":"wp","href":"https:\/\/api.w.org\/{rel}","templated":true}]}}

Coches fúnebres

<p>[et_pb_section fb_built=»1&#8243; module_class=»sezione-pagina-prodotto» _builder_version=»4.16&#8243; _module_preset=»default» custom_margin=»0em||0em||true|false» custom_padding=»0em||0em||true|false» global_colors_info=»{}» theme_builder_area=»post_content» da_is_popup=»off» da_exit_intent=»off» da_has_close=»on» da_alt_close=»off» da_dark_close=»off» da_not_modal=»on» da_is_singular=»off» da_with_loader=»off» da_has_shadow=»on» da_disable_devices=»off|off|off»][et_pb_row _builder_version=»4.16&#8243; _module_preset=»default» width=»100%» custom_margin=»0em|0em|1.5em|0em|false|true» custom_padding=»0em|0em|0em|0em|true|true» global_colors_info=»{}» theme_builder_area=»post_content»][et_pb_column type=»4_4&#8243; _builder_version=»4.16&#8243; _module_preset=»default» global_colors_info=»{}» theme_builder_area=»post_content»][et_pb_text _builder_version=»4.17.4&#8243; _module_preset=»default» text_font=»|300|||||||» header_2_text_color=»gcid-cb5643f0-d518-4fb5-93d5-55203e1c1ffb» header_2_font_size=»22px» header_3_text_color=»gcid-cb5643f0-d518-4fb5-93d5-55203e1c1ffb» header_4_text_color=»gcid-cb5643f0-d518-4fb5-93d5-55203e1c1ffb» hover_enabled=»0&#8243; global_colors_info=»{%22gcid-cb5643f0-d518-4fb5-93d5-55203e1c1ffb%22:%91%22header_3_text_color%22,%22header_4_text_color%22,%22header_2_text_color%22%93}» theme_builder_area=»post_content» sticky_enabled=»0&#8243;]</p>
<h2>Coches fúnebres</h2>
<p><img loading="lazy" decoding="async" class="wp-image-232462 alignleft size-medium" src="https://www.nebulonghi.it/wp-content/uploads/2021/03/Servizio_Brera_01_COMP-300x200.jpg" alt="Coches fúnebres" width="300" height="200" title="">Disponemos de nuestros propios <strong>carruajes y coches fúnebres</strong> y contamos con <strong>conductores propios profesionales y totalmente formados</strong> para satisfacer todas las necesidades de transporte funerario.</p>
<p>Ofrecemos coches <strong>fúnebres de gama media y superior</strong> que se adaptan a todo tipo de presupuestos. Actualizamos regularmente nuestra flota de vehículos para garantizar un transporte seguro y moderno.[/et_pb_text][/et_pb_column][/et_pb_row][et_pb_row _builder_version=»4.16&#8243; _module_preset=»default» width=»100%» custom_margin=»0em|0em|0em|0em|true|true» custom_padding=»0em|0em|0em|0em|true|true» global_colors_info=»{}» theme_builder_area=»post_content»][et_pb_column type=»4_4&#8243; _builder_version=»4.16&#8243; _module_preset=»default» global_colors_info=»{}» theme_builder_area=»post_content»][et_pb_text _builder_version=»4.16&#8243; _module_preset=»default» text_font=»|300|||||||» header_3_text_color=»gcid-cb5643f0-d518-4fb5-93d5-55203e1c1ffb» header_4_text_color=»gcid-cb5643f0-d518-4fb5-93d5-55203e1c1ffb» global_colors_info=»{%22gcid-cb5643f0-d518-4fb5-93d5-55203e1c1ffb%22:%91%22header_3_text_color%22,%22header_4_text_color%22%93}» theme_builder_area=»post_content»]</p>
<p>Todos nuestros carruajes y coches fúnebres cumplen las <strong>normas de seguridad y legales</strong> más estrictas. Los vehículos que se utilizan para el transporte funerario deben tener un permiso específico para este fin y las autoridades públicas los revisan periódicamente.</p>
<p>[/et_pb_text][/et_pb_column][/et_pb_row][/et_pb_section]</p>

<p>En Arimatea Nebulonghi, solo utilizamos carruajes y coches fúnebres de nuestra propia flota, que conducen empleados de Nebulonghi. De esta manera, nos aseguramos de contar con vehículos modernos y seguros y con conductores que se someten a cursos de formación regulares y que son profesionales y humanos.</p>
